 base 4?
3
Convert 21 (base 8) to base 4.
101
What is -1 (base 2) in base 14?
-1
Convert -41 (base 8) to base 12.
-29
1000111 (base 2) to base 16
47
145 (base 9) to base 13
95
Convert 69 (base 16) to base 7.
210
Convert -2 (base 10) to base 2.
-10
What is 112 (base 4) in base 6?
34
-12 (base 3) to base 10
-5
-122 (base 6) to base 11
-46
1101 (base 2) to base 11
12
-14 (base 12) to base 11
-15
-6 (base 16) to base 13
-6
What is -117 (base 15) in base 11?
-205
Convert -1 (base 3) to base 15.
-1
a (base 15) to base 5
20
What is 8a (base 15) in base 2?
10000010
Convert -5 (base 12) to base 3.
-12
Convert -20 (base 3) to base 5.
-11
What is -5 (base 14) in base 6?
-5
Convert -1a8 (base 12) to base 16.
-110
Convert 3 (base 4) to base 15.
3
Convert 6 (base 13) to base 3.
20
41 (base 8) to base 3
1020
11 (base 12) to base 9
14
What is -503 (base 6) in base 14?
-d1
-13 (base 14) to base 3
-122
-8 (base 14) to base 5
-13
What is 76 (base 9) in base 7?
126
-75 (base 16) to base 4
-1311
Convert 0 (base 2) to base 10.
0
33 (base 4) to base 9
16
What is 4 (base 12) in base 9?
4
Convert 11112 (base 3) to base 6.
322
Convert 8 (base 13) to base 12.
8
15 (base 12) to base 3
122
5 (base 8) to base 6
5
Convert -4 (base 6) to base 7.
-4
What is 81 (base 9) in base 10?
73
23 (base 4) to base 3
102
330 (base 5) to base 10
90
Convert -11 (base 11) to base 15.
-c
Convert -1 (base 6) to base 7.
-1
1 (base 3) to base 8
1
-45 (base 9) to base 11
-38
What is 111 (base 6) in base 4?
223
What is -6 (base 13) in base 14?
-6
What is 8 (base 11) in base 15?
8
What is 1 (base 2) in base 12?
1
What is 11 (base 5) in base 13?
6
What is 237 (base 10) in base 15?
10c
What is 18 (base 10) in base 14?
14
434 (base 5) to base 9
142
What is -10 (base 2) in base 16?
-2
-5 (base 12) to base 2
-101
Convert 4 (base 5) to base 4.
10
What is -3 (base 9) in base 5?
-3
What is -10 (base 10) in base 8?
-12
13 (base 6) to base 14
9
Convert -401 (base 7) to base 16.
-c5
What is -10 (base 5) in base 15?
-5
Convert -7 (base 10) to base 6.
-11
0 (base 14) to base 5
0
1 (base 11) to base 6
1
-8 (base 15) to base 3
-22
What is 102011 (base 3) in base 13?
1a2
What is 13 (base 16) in base 10?
19
What is -18 (base 12) in base 3?
-202
105 (base 7) to base 4
312
What is -19 (base 14) in base 13?
-1a
-136 (base 10) to base 13
-a6
Convert -11 (base 2) to base 13.
-3
What is 1 (base 5) in base 10?
1
What is 5 (base 12) in base 16?
5
-1 (base 6) to base 9
-1
What is 220 (base 6) in base 11?
77
Convert 11 (base 5) to base 15.
6
Convert -117 (base 12) to base 9.
-201
-c3 (base 14) to base 7
-333
What is -135 (base 8) in base 14?
-69
Convert 10 (base 2) to base 12.
2
4 (base 8) to base 9
4
2 (base 15) to base 4
2
Convert 3 (base 6) to base 13.
3
Convert 5 (base 11) to base 3.
12
What is -32 (base 7) in base 5?
-43
Convert -204 (base 6) to base 5.
-301
Convert 22 (base 13) to base 3.
1001
-8 (base 16) to base 8
-10
11 (base 6) to base 13
7
Convert -55 (base 7) to base 11.
-37
What is 56 (base 12) in base 6?
150
Convert 7 (base 15) to base 6.
11
What is b9 (base 16) in base 3?
20212
What is -120 (base 4) in base 6?
-40
What is -2 (base 6) in base 9?
-2
-100 (base 3) to base 2
-1001
-4 (base 11) to base 14
-4
What is 64 (base 7) in base 6?
114
What is 0 (base 2) in base 16?
0
-100 (base 2) to base 12
-4
-3 (base 15) to base 4
-3
What is -55 (base 6) in base 9?
-38
Convert 6 (base 13) to base 6.
10
What is -137 (base 8) in base 10?
-95
12 (base 7) to base 8
11
What is 534 (base 6) in base 12?
14a
2210 (base 5) to base 6
1225
Convert 2b (base 13) to base 11.
34
What is 1a (base 16) in base 9?
28
-1 (base 5) to base 10
-1
18 (base 9) to base 13
14
-1 (base 2) to base 11
-1
Convert -13 (base 13) to base 2.
-10000
5 (base 12) to base 6
5
What is -5 (base 7) in base 11?
-5
Convert 142 (base 5) to base 3.
1202
Convert 4 (base 8) to base 3.
11
Convert -84 (base 11) to base 4.
-1130
What is -278 (base 10) in base 11?
-233
-2122 (base 4) to base 6
-414
Convert 0 (base 10) to base 7.
0
Convert 4 (base 13) to base 6.
4
Convert 0 (base 9) to base 4.
0
Convert 22 (base 15) to base 12.
28
Convert 25 (base 9) to base 12.
1b
56 (base 7) to base 2
101001
-1011 (base 2) to base 7
-14
What is 6b (base 12) in base 16?
53
-2 (base 8) to base 9
-2
16 (base 14) to base 3
202
What is 34 (base 9) in base 5?
111
What is -46 (base 15) in base 13?
-51
Convert -9b (base 13) to base 16.
-80
What is -22 (base 3) in base 13?
-8
Convert -a (base 13) to base 12.
-a
What is -3 (base 4) in base 6?
-3
Convert 156 (base 8) to base 16.
6e
Convert -21 (base 4) to base 12.
-9
What is 0 (base 6) in base 4?
0
What is -2 (base 7) in base 2?
-10
What is -2 (base 15) in base 3?
-2
Convert 5 (base 15) to base 14.
5
303 (base 6) to base 7
216
What is -153 (base 12) in base 4?
-3033
6 (base 15) to base 14
6
Convert -25 (base 9) to base 11.
-21
Convert 12120 (base 3) to base 16.
96
What is 22 (base 7) in base 16?
10
-1 (base 12) to base 9
-1
Convert -1100111 (base 2) to base 3.
-10211
110 (base 15) to base 3
22220
0 (base 4) to base 16
0
Convert -1 (base 12) to base 2.
-1
Convert -9 (base 13) to base 5.
-14
-110000 (base 2) to base 12
-40
-154 (base 8) to base 2
-1101100
0 (base 16) to base 8
0
-1e (base 16) to base 3
-1010
1 (base 3) to base 4
1
What is 111100 (base 2) in base 7?
114
126 (base 11) to base 4
2111
Convert 12 (base 13) to base 5.
30
What is -5 (base 7) in base 13?
-5
85 (base 11) to base 2
1011101
14 (base 13) to base 10
17
-221 (base 6) to base 5
-320
What is 2 (base 7) in base 14?
2
Convert -25 (base 10) to base 7.
-34
What is -3 (base 6) in base 13?
-3
2 (base 9) to base 5
2
What is 4 (base 8) in base 14?
4
What is -d9 (base 15) in base 13?
-129
20 (base 4) to base 9
8
-b (base 14) to base 12
-b
Convert -4 (base 16) to base 3.
-11
What is -c1 (base 16) in base 11?
-166
What is 14 (base 13) in base 6?
25
What is -133 (base 11) in base 10?
-157
0 (base 9) to base 7
0
Convert cb (base 15) to base 11.
164
-22 (base 14) to base 11
-28
Convert -b (base 16) to base 12.
-b
What is 4d (base 14) in base 3?
2120
Convert -1 (base 13) to base 15.
-1
Convert 11a (base 15) to base 10.
250
Convert -11 (base 13) to base 11.
-13
-100 (base 2) to base 9
-4
Convert 6 (base 14) to base 4.
12
What is -2 (base 15) in base 14?
-2
Convert 113 (base 9) to base 6.
233
132 (base 5) to base 6
110
-7 (base 11) to base 12
-7
Convert 10 (base 7) to base 16.
7
What is -3 (base 5) in base 2?
-11
-10 (base 3) to base 14
-3
Convert -c6 (base 13) to base 4.
-2202
1 (base 15) to base 14
1
What is -2 (base 7) in base 14?
-2
Convert 11 (base 2) to base 14.
3
What is 6 (base 14) in base 5?
11
What is -2 (base 16) in base 13?
-2
-41 (base 7) to base 13
-23
-2 (base 7) to base 15
-2
1301 (base 5) to base 12
149
Convert e (base 15) to base 12.
12
What is -1 (base 11) in base 5?
-1
Convert -1 (base 8) to base 7.
-1
What is 10 (base 5) in base 14?
5
Convert 1 (base 9) to base 8.
1
What is 1 (base 10) in base 16?
1
-14 (base 10) to base 15
-e
47 (base 9) to base 7
61
What is 3a (base 13) in base 10?
49
What is -4 (base 5) in base 14?
-4
11 (base 3) to base 9
4
-142 (base 8) to base 6
-242
What is 4 (base 12) in base 7?
4
0 (base 9) to base 11
0
-13 (base 9) to base 10
-12
-3 (base 7) to base 12
-3
What is 145 (base 9) in base 10?
122
-11 (base 7) to base 11
-8
-32 (base 9) to base 16
-1d
What is 111001 (base 2) in base 16?
39
Convert 7 (base 13) to base 9.
7
Convert 9 (base 11) to base 6.
13
Convert -1112 (base 4) to base 7.
-152
What is -14 (base 7) in base 3?
-102
333 (base 10) to base 8
515
Convert 5 (base 6) to base 14.
5
Convert 11 (base 6) to base 9.
7
64 (base 13) to base 10
82
-2 (base 9) to base 13
-2
What is -14 (base 9) in base 14?
-d
-4 (base 10) to base 11
-4
What is 1 (base 3) in base 5?
1
What is 2 (base 5) in base 8?
2
What is -100 (base 5) in base 14?
-1b
Convert -5 (base 13) to base 7.
-5
What is 2d (base 15) in base 3?
1121
What is 0 (base 7) in base 3?
0
What is 62 (base 7) in base 12?
38
Convert -150 (base 12) to base 4.
-3030
Convert -11010 (base 2) to base 3.
-222
Convert 1b (base 15) to base 14.
1c
-10011 (base 3) to base 7
-151
8 (base 16) to base 12
8
Convert 101 (base 2) to base 9.
5
Convert 1 (base 13) to base 4.
1
What is -37 (base 13) in base 5?
-141
33 (base